s divided by 287.
246
Calculate the remainder when 12599 is divided by 12597.
2
Calculate the remainder when 16633 is divided by 179.
165
Calculate the remainder when 124475 is divided by 86.
33
Calculate the remainder when 853 is divided by 280.
13
Calculate the remainder when 2733 is divided by 1314.
105
Calculate the remainder when 190176 is divided by 27165.
21
What is the remainder when 23105 is divided by 23077?
28
What is the remainder when 2435 is divided by 405?
5
What is the remainder when 5524 is divided by 849?
430
Calculate the remainder when 15474 is divided by 5118.
120
Calculate the remainder when 24853 is divided by 13.
10
Calculate the remainder when 13704 is divided by 13468.
236
What is the remainder when 28857 is divided by 9606?
39
What is the remainder when 93933 is divided by 76?
73
What is the remainder when 18521 is divided by 9242?
37
What is the remainder when 73070 is divided by 6631?
129
What is the remainder when 24700 is divided by 1644?
40
What is the remainder when 163402 is divided by 65?
57
What is the remainder when 536 is divided by 199?
138
What is the remainder when 1104 is divided by 71?
39
Calculate the remainder when 399507 is divided by 14268.
3
What is the remainder when 699171 is divided by 23?
17
What is the remainder when 53798 is divided by 14?
10
Calculate the remainder when 16928 is divided by 17.
13
What is the remainder when 1321 is divided by 716?
605
Calculate the remainder when 13006 is divided by 1445.
1
What is the remainder when 3385 is divided by 3344?
41
Calculate the remainder when 2634071 is divided by 14.
13
What is the remainder when 6642 is divided by 3306?
30
What is the remainder when 621017 is divided by 47?
6
Calculate the remainder when 39288 is divided by 11.
7
Calculate the remainder when 15254 is divided by 18.
8
Calculate the remainder when 877367 is divided by 139.
138
Calculate the remainder when 14136 is divided by 58.
42
Calculate the remainder when 1661320 is divided by 19.
17
What is the remainder when 124317 is divided by 280?
277
Calculate the remainder when 5135 is divided by 5094.
41
What is the remainder when 5289 is divided by 1316?
25
What is the remainder when 2673 is divided by 2627?
46
Calculate the remainder when 4888 is divided by 1784.
1320
What is the remainder when 101438 is divided by 34?
16
What is the remainder when 38026 is divided by 17?
14
What is the remainder when 100447 is divided by 100433?
14
Calculate the remainder when 9754 is divided by 92.
2
Calculate the remainder when 109703 is divided by 309.
8
What is the remainder when 240803 is divided by 189?
17
Calculate the remainder when 70708 is divided by 35255.
198
What is the remainder when 281743 is divided by 24?
7
Calculate the remainder when 10579 is divided by 3415.
334
What is the remainder when 1215 is divided by 5?
0
What is the remainder when 2259 is divided by 490?
299
Calculate the remainder when 62181 is divided by 982.
315
Calculate the remainder when 7554 is divided by 101.
80
Calculate the remainder when 2805060 is divided by 26.
24
What is the remainder when 2355748 is divided by 270?
268
What is the remainder when 12959 is divided by 3203?
147
What is the remainder when 71455 is divided by 8?
7
What is the remainder when 6760 is divided by 454?
404
What is the remainder when 1696280 is divided by 6?
2
Calculate the remainder when 1331 is divided by 255.
56
What is the remainder when 62419 is divided by 420?
259
Calculate the remainder when 11990 is divided by 90.
20
Calculate the remainder when 73520 is divided by 9185.
40
What is the remainder when 4590 is divided by 1419?
333
Calculate the remainder when 170466 is divided by 31.
28
Calculate the remainder when 12797 is divided by 442.
421
What is the remainder when 26064 is divided by 48?
0
What is the remainder when 254397 is divided by 1247?
9
What is the remainder when 1790 is divided by 1683?
107
Calculate the remainder when 419 is divided by 362.
57
What is the remainder when 1365 is divided by 1182?
183
What is the remainder when 67324 is divided by 16?
12
What is the remainder when 3115257 is divided by 324?
321
Calculate the remainder when 116701 is divided by 16669.
18
What is the remainder when 22882 is divided by 7622?
16
What is the remainder when 2345 is divided by 595?
560
What is the remainder when 9563 is divided by 308?
15
What is the remainder when 6890 is divided by 16?
10
What is the remainder when 5483 is divided by 1811?
50
What is the remainder when 63849 is divided by 51?
48
What is the remainder when 3508 is divided by 2443?
1065
What is the remainder when 21409 is divided by 21407?
2
Calculate the remainder when 2265 is divided by 547.
77
Calculate the remainder when 2764 is divided by 1381.
2
Calculate the remainder when 29813 is divided by 1566.
59
Calculate the remainder when 651 is divided by 319.
13
What is the remainder when 8925 is divided by 318?
21
Calculate the remainder when 8321 is divided by 75.
71
What is the remainder when 457 is divided by 77?
72
What is the remainder when 4169 is divided by 479?
337
Calculate the remainder when 13037 is divided by 6515.
7
What is the remainder when 238680 is divided by 8840?
0
What is the remainder when 31911 is divided by 7973?
19
What is the remainder when 1365 is divided by 90?
15
What is the remainder when 514 is divided by 507?
7
What is the remainder when 11808 is divided by 1684?
20
Calculate the remainder when 99800 is divided by 798.
50
What is the remainder when 5790 is divided by 5775?
15
Calculate the remainder when 24912 is divided by 48.
0
Calculate the remainder when 11188 is divided by 354.
214
What is the remainder when 354558 is divided by 640?
638
Calculate the remainder when 23997 is divided by 168.
141
What is the remainder when 9785 is divided by 85?
10
What is the remainder when 21190 is divided by 4237?
5
What is the remainder when 4762 is divided by 160?
122
Calculate the remainder when 56104 is divided by 55957.
147
Calculate the remainder when 122248 is divided by 61118.
12
What is the remainder when 3582 is divided by 315?
117
What is the remainder when 44771 is divided by 28?
27
Calculate the remainder when 15419 is divided by 241.
236
What is the remainder when 8395 is divided by 400?
395
What is the remainder when 357 is divided by 11?
5
What is the remainder when 467801 is divided by 24619?
40
Calculate the remainder when 7780 is divided by 475.
180
What is the remainder when 4073860 is divided by 11?
10
Calculate the remainder when 7525 is divided by 3738.
49
What is the remainder when 29289 is divided by 20?
9
Calculate the remainder when 6210 is divided by 226.
108
Calculate the remainder when 160152 is divided by 160121.
31
Calculate the remainder when 69034 is divided by 17.
14
What is the remainder when 802646 is divided by 88?
86
Calculate the remainder when 126839 is divided by 151.
150
Calculate the remainder when 26897 is divided by 122.
57
What is the remainder when 248160 is divided by 118?
6
What is the remainder when 503613 is divided by 64?
61
Calculate the remainder when 13245 is divided by 4406.
27
What is the remainder when 1374432 is divided by 20?
12
What is the remainder when 13758 is divided by 281?
270
What is the remainder when 30914 is divided by 329?
317
Calculate the remainder when 46635 is divided by 301.
281
Calculate the remainder when 541757 is divided by 149.
142
What is the remainder when 1148810 is divided by 1230?
1220
Calculate the remainder when 11715 is divided by 1459.
43
What is the remainder when 7174 is divided by 138?
136
Calculate the remainder when 1662 is divided by 512.
126
What is the remainder when 1118668 is divided by 535?
518
What is the remainder when 12640 is divided by 6315?
10
What is the remainder when 1289148 is divided by 9?
6
Calculate the remainder when 830 is divided by 16.
14
Calculate the remainder when 918716 is divided by 1980.
1976
What is the remainder when 1426 is divided by 460?
46
What is the remainder when 3966 is divided by 336?
270
Calculate the remainder when 57156 is divided by 36.
24
Calculate the remainder when 161963 is divided by 20245.
3
What is the remainder when 10331 is divided by 10307?
24
Calculate the remainder when 23146